ase 2) to base 13
-1a6
Convert -3123 (base 4) to base 14.
-119
-138 (base 13) to base 5
-1331
Convert 240620 (base 7) to base 2.
1010101000000110
-23630 (base 7) to base 12
-3682
Convert -166360 (base 8) to base 11.
-41632
Convert -1029 (base 11) to base 14.
-6d4
What is -351 (base 11) in base 8?
-643
-400 (base 8) to base 10
-256
What is -1204 (base 11) in base 8?
-3051
What is -1001111011111 (base 2) in base 16?
-13df
What is 36288 (base 10) in base 6?
440000
Convert 3477 (base 8) to base 3.
2112201
What is 23102021 (base 4) in base 3?
2100101202
Convert 4420 (base 5) to base 3.
211121
Convert 1070 (base 8) to base 16.
238
What is 111101101111 (base 2) in base 14?
1623
What is 3740 (base 9) in base 14?
1034
Convert 27bb (base 12) to base 15.
1572
What is 368b (base 12) in base 16?
180b
-1910 (base 12) to base 4
-233130
Convert -1541 (base 7) to base 4.
-21221
Convert -eb4 (base 16) to base 13.
-1937
Convert -8b (base 15) to base 8.
-203
Convert -11010 (base 6) to base 10.
-1518
-1727 (base 15) to base 6
-35031
20034 (base 5) to base 12
899
Convert -1111011011010 (base 2) to base 15.
-2518
-85 (base 10) to base 12
-71
What is -62d (base 15) in base 10?
-1393
-743 (base 8) to base 7
-1260
Convert -100601 (base 8) to base 13.
-12123
-3355 (base 7) to base 12
-854
What is -767 (base 11) in base 16?
-398
What is 1784 (base 16) in base 14?
22a0
Convert -8764 (base 13) to base 8.
-44631
Convert -253e (base 15) to base 13.
-37c4
Convert -1100011011010 (base 2) to base 15.
-1d42
What is 10000101101111 (base 2) in base 12?
4b53
Convert 23044 (base 5) to base 16.
671
What is -210673 (base 8) in base 10?
-70075
Convert -575 (base 15) to base 9.
-1622
What is 43643 (base 7) in base 6?
122422
Convert -396 (base 16) to base 2.
-1110010110
What is -1202 (base 10) in base 15?
-552
What is -a13 (base 15) in base 11?
-1782
What is 1511 (base 10) in base 7?
4256
435232 (base 6) to base 7
210302
Convert -45544 (base 9) to base 15.
-8ec4
-112110010 (base 3) to base 8
-24445
-1394 (base 10) to base 5
-21034
Convert 7237 (base 12) to base 5.
344202
-104253 (base 6) to base 2
-10001000101001
Convert -324022 (base 5) to base 7.
-44320
Convert 636 (base 8) to base 9.
510
Convert -20334 (base 6) to base 11.
-2055
What is 2630 (base 7) in base 12?
6b5
-1103 (base 6) to base 9
-313
Convert 32103 (base 4) to base 2.
1110010011
1141 (base 13) to base 10
2419
What is 21312112 (base 4) in base 6?
510434
2651 (base 7) to base 2
1111111000
What is -647 (base 16) in base 13?
-968
Convert -5847 (base 11) to base 8.
-16772
What is 111001101 (base 2) in base 11?
38a
1101100100001111 (base 2) to base 4
31210033
-1000011100111010 (base 2) to base 12
-1804a
What is -14b0 (base 13) in base 10?
-3016
12625 (base 7) to base 15
101a
What is -1100011010101011 (base 2) in base 5?
-3111414
What is -240122 (base 5) in base 4?
-2021103
-1760 (base 16) to base 2
-1011101100000
2021021 (base 3) to base 8
3166
-1002012 (base 3) to base 7
-2204
2152 (base 9) to base 7
4424
3124 (base 7) to base 2
10001001000
Convert -6419 (base 11) to base 2.
-10000100101010
What is 404 (base 7) in base 3?
21102
What is 193 (base 11) in base 7?
436
-2202 (base 6) to base 4
-13322
What is -6c62 (base 13) in base 2?
-11101110111010
4344 (base 8) to base 12
1398
-10011000110 (base 2) to base 4
-103012
Convert 162 (base 8) to base 12.
96
What is 1003333 (base 5) in base 8?
37335
Convert -2021 (base 4) to base 10.
-137
1101011100 (base 2) to base 6
3552
What is 15549 (base 10) in base 2?
11110010111101
What is -1011 (base 16) in base 9?
-5570
What is -c8a (base 16) in base 12?
-1a36
-18256 (base 12) to base 8
-104142
23313 (base 7) to base 6
43420
-1000010110000 (base 2) to base 9
-5766
What is -10110010101010 (base 2) in base 13?
-5287
-6155 (base 10) to base 3
-22102222
4ad9 (base 14) to base 8
31507
What is 3046 (base 10) in base 16?
be6
10331 (base 5) to base 16
2cc
What is -4943 (base 10) in base 7?
-20261
Convert -901 (base 16) to base 7.
-6502
What is 715 (base 9) in base 5?
4311
Convert -10144 (base 8) to base 14.
-175a
Convert -4c0 (base 16) to base 8.
-2300
What is -10000010110 (base 2) in base 9?
-1382
What is 21026 (base 8) in base 6?
104222
Convert -61a6 (base 11) to base 10.
-8223
Convert -490 (base 13) to base 16.
-319
14ee (base 16) to base 4
1103232
What is 1717 (base 13) in base 16?
d48
What is 55 (base 6) in base 9?
38
What is 1111100000 (base 2) in base 11?
822
-c86 (base 13) to base 16
-85a
10122 (base 3) to base 16
62
Convert -1265 (base 8) to base 11.
-580
Convert 2022 (base 4) to base 14.
9c
What is b1a5 (base 15) in base 8?
111201
What is -1675 (base 8) in base 4?
-32331
-32530 (base 6) to base 5
-121033
1d8 (base 15) to base 9
525
-7601 (base 10) to base 2
-1110110110001
What is 6229 (base 11) in base 6?
102123
What is 4289 (base 11) in base 12?
333b
What is 20002222 (base 3) in base 16?
1166
Convert 1111210 (base 3) to base 7.
3132
What is -1351 (base 6) in base 2?
-101100011
What is 33b (base 12) in base 7?
1253
What is 316 (base 14) in base 4?
21200
What is -10110110010 (base 2) in base 9?
-2000
What is 3514 (base 8) in base 7?
5306
7a2 (base 13) to base 16
523
-32135 (base 7) to base 9
-11828
-8dd2 (base 14) to base 5
-1242214
Convert -5520 (base 7) to base 16.
-7b6
Convert -5338 (base 10) to base 16.
-14da
-2012 (base 14) to base 9
-7485
What is -747 (base 15) in base 11?
-1263
-1010101000110 (base 2) to base 3
-21110201
Convert -22a2 (base 14) to base 13.
-2983
What is 102001011 (base 4) in base 6?
1325353
Convert -5042 (base 8) to base 14.
-d34
What is 1022520 (base 6) in base 10?
49872
1829 (base 10) to base 2
11100100101
What is 1001001001 (base 2) in base 11?
492
What is -677 (base 8) in base 14?
-23d
Convert 1400 (base 7) to base 12.
38b
b80 (base 16) to base 5
43234
Convert 24112 (base 5) to base 15.
7dc
Convert -6 (base 14) to base 2.
-110
What is 491 (base 11) in base 12?
408
What is 1bc5 (base 13) in base 4?
1001321
Convert -13013 (base 4) to base 16.
-1c7
What is 205 (base 10) in base 15?
da
Convert 10110000001100 (base 2) to base 12.
6638
-275 (base 11) to base 14
-192
-1545 (base 6) to base 2
-110101001
Convert 962 (base 16) to base 8.
4542
What is 133313 (base 5) in base 10?
5458
Convert 2444 (base 10) to base 12.
14b8
What is -54534 (base 6) in base 2?
-1110101111010
Convert -1437 (base 8) to base 12.
-567
Convert -20334 (base 11) to base 10.
-29682
Convert 423 (base 14) to base 7.
2243
What is -15046 (base 9) in base 11?
-7777
What is -530 (base 12) in base 5?
-11011
2003 (base 8) to base 11
854
Convert -404 (base 13) to base 16.
-2a8
What is 124 (base 11) in base 3?
12110
1120010 (base 3) to base 4
101301
Convert 1080 (base 11) to base 16.
58b
Convert 630a (base 14) to base 5.
1021222
What is -212212 (base 3) in base 16?
-284
Convert -422 (base 11) to base 8.
-774
-33401 (base 5) to base 6
-14515
What is 39f9 (base 16) in base 4?
3213321
Convert 33625 (base 7) to base 11.
6469
What is -1370 (base 13) in base 14?
-1039
Convert 2054 (base 6) to base 7.
1234
6055 (base 11) to base 4
1331232
528 (base 15) to base 3
1121002
752 (base 8) to base 3
200011
-3200121 (base 4) to base 15
-43c6
Convert a284 (base 13) to base 7.
122232
-12877 (base 13) to base 14
-c777
-226 (base 13) to base 6
-1414
Convert 1311122 (base 4) to base 15.
235e
-30cb (base 13) to base 8
-15146
Convert 220122 (base 3) to base 9.
818
31022 (base 4) to base 14
442
What is 23949 (base 12) in base 9?
72763
-17474 (base 10) to base 15
-529e
-cc (base 16) to base 5
-1304
-78b (base 15) to base 5
-23311
Convert 971 (base 10) to base 7.
2555
What is 4ab1 (base 12) in base 13?
3b29
Convert -4aa (base 13) to base 6.
-3440
-6984 (base 10) to base 12
-4060
What is -110011101100110 (base 2) in base 9?
-40271
Convert -100111011111 (base 2) to base 7.
-10240
Convert 593 (base 16) to base 3.
1221212
What is 13021021 (base 4) in base 12?
14b21
Convert -16002 (base 8) to base 15.
-21d0
What is -499 (base 12) in base 13?
-414
What is -10576 (base 8) in base 4?
-1011332
Convert -2101111 (base 3) to base 7.
-5035
What is -1000000011110 (base 2) in base 8?
-10036
8b (base 12) to base 10
107
What is -42000 (base 10) in base 15?
-c6a0
3124 (base 6) to base 14
380
What is 4145 (base 7) in base 8?
2656
What is -1000202 (base 